sor of 168 and 4872.
168
Calculate the greatest common divisor of 348 and 2175.
87
What is the greatest common divisor of 95 and 7543?
19
What is the greatest common factor of 64 and 416?
32
What is the highest common divisor of 84 and 5859?
21
Calculate the highest common divisor of 26 and 6.
2
Calculate the greatest common factor of 33 and 99.
33
What is the highest common divisor of 33 and 135?
3
What is the highest common factor of 385 and 517?
11
Calculate the greatest common factor of 392 and 128.
8
Calculate the greatest common divisor of 1323 and 1701.
189
Calculate the greatest common factor of 1891 and 31.
31
What is the highest common factor of 301 and 1161?
43
What is the greatest common divisor of 216 and 88?
8
Calculate the greatest common factor of 129 and 81.
3
Calculate the greatest common factor of 27 and 21.
3
Calculate the greatest common divisor of 72 and 11106.
18
Calculate the greatest common factor of 168 and 24.
24
What is the greatest common divisor of 117 and 1125?
9
What is the greatest common divisor of 2997 and 675?
27
What is the highest common factor of 28 and 770?
14
Calculate the highest common factor of 493 and 29.
29
What is the highest common factor of 124 and 8?
4
What is the highest common factor of 48 and 708?
12
What is the greatest common divisor of 14 and 8484?
14
What is the highest common factor of 6192 and 9?
9
Calculate the greatest common factor of 2046 and 231.
33
Calculate the highest common factor of 9694 and 37.
37
Calculate the highest common divisor of 558 and 36.
18
Calculate the greatest common factor of 34496 and 64.
64
What is the highest common factor of 20 and 7940?
20
What is the greatest common factor of 29 and 696?
29
Calculate the greatest common divisor of 473 and 903.
43
Calculate the highest common factor of 5902 and 39.
13
Calculate the highest common divisor of 42 and 84.
42
What is the greatest common factor of 4392 and 216?
72
Calculate the highest common factor of 50620 and 40.
20
What is the greatest common factor of 2752 and 602?
86
Calculate the greatest common factor of 56 and 1680.
56
Calculate the greatest common divisor of 492 and 3116.
164
Calculate the greatest common divisor of 1045 and 1672.
209
Calculate the highest common divisor of 87 and 4118.
29
What is the highest common factor of 912 and 30?
6
Calculate the greatest common divisor of 2 and 349.
1
Calculate the highest common factor of 15 and 5.
5
What is the highest common factor of 6624 and 1056?
96
What is the greatest common factor of 45 and 99?
9
What is the greatest common factor of 918 and 986?
34
Calculate the greatest common divisor of 17 and 68.
17
Calculate the highest common divisor of 8 and 7352.
8
Calculate the highest common factor of 19662 and 348.
174
What is the highest common factor of 176 and 1392?
16
What is the highest common factor of 7 and 14?
7
What is the greatest common divisor of 96 and 18?
6
What is the highest common factor of 30 and 345?
15
Calculate the greatest common divisor of 35 and 4109.
7
What is the greatest common factor of 28 and 7126?
14
What is the greatest common factor of 7482 and 129?
129
What is the greatest common divisor of 531 and 59?
59
Calculate the greatest common divisor of 2325 and 3075.
75
Calculate the greatest common factor of 1010 and 30.
10
Calculate the greatest common factor of 171 and 9.
9
What is the highest common divisor of 605 and 45?
5
What is the highest common factor of 45 and 255?
15
What is the greatest common divisor of 1169 and 7?
7
What is the greatest common divisor of 20 and 248?
4
Calculate the highest common factor of 9348 and 114.
114
Calculate the highest common factor of 532 and 608.
76
Calculate the highest common factor of 1060 and 80.
20
What is the highest common factor of 156 and 390?
78
Calculate the highest common divisor of 18 and 63.
9
Calculate the highest common divisor of 1880 and 40.
40
Calculate the highest common factor of 59 and 16579.
59
What is the highest common divisor of 123 and 3239?
41
What is the greatest common divisor of 432 and 112?
16
Calculate the greatest common factor of 15 and 1845.
15
What is the greatest common factor of 806 and 26?
26
What is the highest common divisor of 891 and 22?
11
What is the greatest common factor of 72 and 16?
8
Calculate the highest common factor of 1534 and 65.
13
Calculate the greatest common divisor of 1057 and 7.
7
Calculate the highest common divisor of 12 and 1856.
4
Calculate the greatest common divisor of 208 and 13.
13
Calculate the greatest common factor of 65 and 75.
5
What is the highest common factor of 15 and 5?
5
What is the highest common factor of 106 and 636?
106
Calculate the highest common factor of 6913 and 3345.
223
What is the greatest common factor of 424 and 318?
106
Calculate the greatest common divisor of 65 and 2717.
13
Calculate the highest common factor of 120 and 70.
10
Calculate the highest common factor of 1450 and 10.
10
Calculate the greatest common factor of 45 and 126.
9
What is the highest common factor of 65 and 3835?
65
What is the highest common divisor of 17 and 221?
17
What is the highest common divisor of 2 and 106?
2
Calculate the highest common factor of 1408 and 1100.
44
Calculate the highest common divisor of 300 and 12.
12
Calculate the highest common factor of 899 and 29.
29
Calculate the highest common factor of 666 and 288.
18
What is the highest common divisor of 104 and 1846?
26
What is the highest common divisor of 646 and 19?
19
Calculate the greatest common divisor of 5895 and 495.
45
What is the greatest common divisor of 33 and 20064?
33
Calculate the highest common divisor of 1580 and 240.
20
What is the greatest common divisor of 47 and 2021?
47
Calculate the greatest common divisor of 1015 and 696.
29
What is the greatest common factor of 522 and 116?
58
What is the highest common divisor of 10 and 9530?
10
Calculate the highest common divisor of 848 and 53.
53
What is the highest common factor of 136 and 68?
68
What is the highest common divisor of 67 and 2613?
67
What is the greatest common factor of 216 and 40?
8
What is the greatest common factor of 2580 and 15?
15
Calculate the greatest common factor of 133 and 28.
7
Calculate the highest common factor of 21 and 639.
3
Calculate the highest common divisor of 45 and 825.
15
What is the highest common factor of 350 and 434?
14
Calculate the highest common factor of 639 and 234.
9
Calculate the greatest common divisor of 396 and 495.
99
Calculate the greatest common divisor of 6475 and 70.
35
Calculate the greatest common divisor of 2507 and 920.
23
Calculate the highest common factor of 13 and 28.
1
What is the highest common divisor of 860 and 1935?
215
What is the greatest common factor of 144 and 40752?
144
What is the highest common divisor of 240 and 435?
15
Calculate the greatest common divisor of 169 and 13.
13
What is the highest common divisor of 2107 and 49?
49
What is the greatest common factor of 77 and 1337?
7
What is the highest common divisor of 13 and 1?
1
Calculate the greatest common divisor of 91 and 195.
13
What is the greatest common divisor of 33 and 1221?
33
What is the greatest common factor of 684 and 38?
38
What is the highest common divisor of 49 and 7?
7
What is the greatest common divisor of 504 and 126?
126
Calculate the greatest common divisor of 152 and 323.
19
What is the greatest common divisor of 8 and 236?
4
Calculate the highest common factor of 116 and 638.
58
Calculate the highest common factor of 133 and 2869.
19
What is the greatest common factor of 390 and 2?
2
What is the greatest common divisor of 1984 and 960?
64
Calculate the greatest common divisor of 304 and 7448.
152
Calculate the highest common factor of 11 and 55.
11
Calculate the greatest common divisor of 13 and 611.
13
Calculate the highest common factor of 18 and 666.
18
Calculate the highest common factor of 4578 and 42.
42
Calculate the highest common divisor of 24 and 516.
12
Calculate the greatest common divisor of 1806 and 126.
42
What is the greatest common divisor of 400 and 40?
40
Calculate the highest common divisor of 2060 and 60.
20
What is the greatest common factor of 16 and 112?
16
What is the highest common factor of 77 and 56?
